) - 3*x(o). What is the tens digit of i(a)?
1
Let s be (1 - 3)/(2/(-3)). Suppose s*o - 2 = 2*o. What is the tens digit of -13*(o + 0 - 3)?
1
Suppose -40 = 2*j + 3*j. What is the tens digit of (153/(-6))/(6/j)?
3
Suppose -90 = -0*y - 2*y. Let j be (-3)/5 + 927/y. What is the units digit of ((-168)/j)/((-6)/30)?
2
Suppose -4*l - 32 = -2*x + 36, 3*l + 117 = 3*x. What is the tens digit of x?
4
Suppose -1672 = -6*k - 472. Let j = k - 136. What is the units digit of j?
4
Let w(l) = 35*l**2 - 19*l + 4. What is the hundreds digit of w(4)?
4
Suppose -2*d + 8 = 3*f, -4*f + 4*d + 2 = -22. Suppose j = 4*j + u - 262, -j - f*u = -102. What is the units digit of j?
6
Let l be 3 + (9/3 - -2). Suppose -v = -1 - l. What is the units digit of (-370)/(-45) - 2/v?
8
Suppose -4*m = -4*j - 1592, 5*m - 5*j - 394 = 4*m. What is the units digit of m?
9
What is the units digit of 10/75 + ((-1333)/15)/(-1)?
9
Suppose -14*g + 31*g = 10472. What is the hundreds digit of g?
6
Let j = -11 - -13. Suppose 0 = -0*i + j*i - 136. Let h = 104 - i. What is the tens digit of h?
3
Suppose 7*k + 582 = -118. Let d = k - -304. What is the tens digit of d?
0
Let q be (5/(-10) - 0)*-8. Suppose -q*t + 2*t = -4. Suppose 5*v + 2*g + t*g - 20 = 0, -5*v + 2*g + 50 = 0. What is the units digit of v?
8
Let m be (-2 + 3)*-37 + 1. What is the units digit of (-1216)/m - 4/(-18)?
4
Suppose 2*s = 3*s - 5*x + 13, 3*s + 5*x = 21. Suppose -6*w = -s*w + 12. Let j = 30 + w. What is the units digit of j?
7
Let t(b) = -b**2 + 10*b - 6. Let f be t(9). Suppose -2*z + 2*m = 6*m - 194, 2*z = -f*m + 193. What is the units digit of z?
5
Suppose 0 = 3*d, 0 = -4*q - 5*d + 396 + 152. What is the tens digit of q?
3
Suppose -2*d + 18 + 7 = 3*k, -80 = -3*d + 4*k. Let s = d + -16. What is the units digit of s?
4
Let k = -621 + 1367. What is the hundreds digit of k?
7
Suppose 0*n - 3*n = -42. Let o(z) = -z**2 + 14*z + 16. What is the tens digit of o(n)?
1
Let k(j) = j**3 - 23*j**2 + 45*j - 28. What is the units digit of k(21)?
5
Suppose 0 = -3*p - 3*i + 1674, -3*p + 3*i + 2259 = 591. What is the hundreds digit of p?
5
Let t(o) = o**3 + 10*o**2 + 9*o + 2. Let x be t(-9). What is the tens digit of (x + (-204)/(-10))/(1/5)?
1
Suppose -2*v + 2233 = t, 919 = 5*v - 3*t - 4658. What is the hundreds digit of v?
1
Let j(m) = -6*m + 3. Let s(c) = -18*c. Let o be s(-3). Let v be ((-2)/3)/(12/o). What is the tens digit of j(v)?
2
Suppose 15*d - 4*d - 2684 = 0. What is the tens digit of d?
4
Let q = 12 + -8. Let c(i) = -9*i + q + 8*i + 8. What is the tens digit of c(-6)?
1
Let v(f) = -7*f - 109. What is the tens digit of v(-30)?
0
Let z be 7/21*(14 + 1). Suppose 0 = -9*p + z*p - 96. Let c = p - -40. What is the units digit of c?
6
Suppose 0 = 37*u - 53981 - 108116. What is the tens digit of u?
8
Suppose 2*o + 135 = 51. What is the tens digit of (5 - -1)/((-14)/o)?
1
Let r(d) = -d**2 + 4*d + 12. Let x be r(0). What is the units digit of x/18*(1323/(-6))/(-3)?
9
Let y = 0 - 30. Let a = 42 + y. What is the units digit of a?
2
Let u(j) be the first derivative of 6*j**3 + 3*j**2/2 - 2*j + 4. Let g be u(1). Let w = 30 - g. What is the tens digit of w?
1
Suppose -9*k + 11*k - 34 = 0. What is the units digit of 4*4/4 + k?
1
Let d(i) be the second derivative of -i**5/4 - 7*i**4/12 + 7*i**3/6 - 3*i**2/2 + 28*i. What is the hundreds digit of d(-4)?
1
Let j(a) = 2*a - 5. Let i be j(-3). Let c(b) = 2*b + 3. Let t be c(-2). Let h = t - i. What is the tens digit of h?
1
Let s(y) be the second derivative of 3*y**4/8 + y**3/6 - y**2 - y. Let j(i) be the first derivative of s(i). What is the tens digit of j(1)?
1
Let x = 17 + -39. Let p be ((-1)/(-2))/(1/x). What is the units digit of p/(-2) - (-2)/(-4)?
5
What is the hundreds digit of (342/27)/((-20)/(-810))?
5
Let i = -5199 + 10048. What is the hundreds digit of i?
8
Let q(l) = -3*l + 139. Let j be q(0). Suppose -3*p + 41 = -j. What is the tens digit of p?
6
Let g(s) = s**2 + s + 116. What is the tens digit of g(40)?
5
What is the hundreds digit of -6*(1720/(-15) + 6 - -2)?
6
Let r = 43 + -20. Suppose i - 5 - r = 0. What is the units digit of i/12*(3 + 0)?
7
Suppose 424 = 4*j + 3*v, -2*v + 1 + 7 = 0. Suppose 4*m - j - 9 = 0. What is the units digit of m?
8
Let x = -8 - -31. Let d = x - 18. What is the units digit of d?
5
Suppose d + 5*h + 44 = 542, 3*d - 1558 = h. What is the tens digit of d?
1
Let z(u) = -u**3 + 6*u**2 - 4*u - 3. Let h be z(5). What is the tens digit of -3 - -7 - -44*11/h?
4
Suppose 0 = -3*q + 12, 4*q = -4*p - 0*q + 284. Suppose 160 + 176 = 3*r + 3*t, t = 3*r - 332. Let w = r - p. What is the units digit of w?
4
Suppose 0 = 2*q - 4*q + 4. Suppose 3*x - 6 = x. What is the tens digit of ((-20)/(-3))/q*x?
1
Suppose 4*v = 3*v + 1036. Suppose -504 = 2*d - 4*d - 4*q, -q + v = 4*d. What is the units digit of d?
0
Let d be (-19 - 1)*(-126)/(-28). What is the tens digit of 20/d + (2 - 245/(-9))?
2
Let k(g) = g**2 - g - 3. Let b be -7*((-24)/14)/1. Suppose b = -2*x + 20. What is the units digit of k(x)?
9
Suppose 4*n - 6505 = -3*w, 6*w + 6511 = 4*n + 3*w. What is the hundreds digit of n?
6
Let t(s) = s**3 + 4*s**2 - 6*s + 6. Let u(a) = a**3 + 9*a**2 + a + 4. Let r be u(-9). What is the units digit of t(r)?
1
Suppose 2*r - 5*r + 54 = 0. Suppose -r = -2*h - 0*h - 2*o, 4*h = o + 21. What is the units digit of h?
6
Let o(j) = -8*j - 30. Suppose 1 = -4*i - 59. What is the tens digit of o(i)?
9
Let s(m) be the first derivative of 32*m**2 + 7*m + 18. What is the units digit of s(3)?
9
What is the units digit of (-90)/(-18) + 5*191?
0
Suppose 2*b + 4 = -4*t, 3*b + 3*t = -0*t - 6. What is the units digit of b/(-2) - 0 - (-2 - 47)?
0
Suppose 3*p - 2795 = 4*h, -p = -h + 4*h - 949. What is the units digit of p?
7
Let f(g) be the third derivative of 9*g**5/20 + g**4/24 - g**3/6 - 6*g**2. Let r be f(-1). Suppose -k + 2*k - r = 0. What is the units digit of k?
5
Let s(r) = r + 8. Let u be s(-5). Suppose -29 = -u*a - 5. What is the tens digit of 2/a*(106 - -10)?
2
Let b(k) = 3*k**2 - 4*k. Let o be b(3). Suppose 4*w + w - o = 0. Suppose -w*v + 54 = -24. What is the tens digit of v?
2
Let w(b) = -b**3 + 6*b**2 + 6*b + 9. Let y be w(7). Let l be (2 + y)*(0 - -4). What is the units digit of (1/(-1) - l)*-1?
7
What is the hundreds digit of (-1)/((-58920)/19638 - -3)?
2
Suppose -v - 20 = -6*v. Suppose 41*l = 45*l. What is the units digit of v - l*(-3)/(-6)?
4
Suppose 3*h + 835 = 8*h. Let t = h + 98. What is the tens digit of t?
6
Suppose 90 = 2*g - 6. What is the tens digit of g?
4
Suppose 20*x - 168 = 17*x. What is the units digit of x?
6
Let s be 6 + 1 + (8 - 13). Suppose 0 = u - s*z + 6*z - 251, 0 = -5*u + 2*z + 1145. What is the units digit of u?
1
Suppose 6678 = 5*k - p, k - 575 = -p + 763. What is the thousands digit of k?
1
Let q be 10/2 + (6 - 16). What is the units digit of 4*(10/(-25) + (-12)/q)?
8
Suppose -p - k + 1513 = 0, 2*p = 61*k - 64*k + 3023. What is the hundreds digit of p?
5
Suppose 8*p = 7*p + 2. Let z(l) = -1 + 2*l + 0*l**2 + 7*l**2 - l + l**p. What is the units digit of z(2)?
3
Suppose 16 + 1 = w. Let b = 21 - w. What is the units digit of b?
4
What is the units digit of 8 - (-2059 + -10 + 5)?
2
Let d = 19 + -16. Let h be (-1 - d/(-2))*0. What is the units digit of (-16)/(h + 4/(-8))?
2
Suppose -51*k + 4 = -50*k. Suppose -k*h + 9 + 127 = 0. What is the tens digit of h?
3
What is the units digit of (-6 - (-3 - (-26)/(-6)))*3483?
4
Let v = 2284 + -1118. What is the tens digit of v?
6
Let i(d) = -d**3 - 7*d**2 - 6*d + 3. Let z be i(-6). Suppose 4*m = -5*l + z*l + 16, 3*l + 2*m = 12. What is the units digit of l?
2
Suppose 4*v - r = 305 + 294, -5*v + 770 = 3*r. Let k = v + -108. What is the units digit of k?
3
Let t be (2 + 4)*(-4)/(-6). Suppose 0 = t*f + 2*f - 720. Suppose -2*n - f = -6*n. What is the tens digit of n?
3
Suppose 9 = -5*s - 411. Let p = s + 44. Let h = 67 + p. What is the units digit of h?
7
Let w be 4 + (-2 + 4 - 3). Suppose 5*l - 4*f = 416, -5*f + 196 + 24 = w*l. What is the tens digit of l?
8
Suppose -4*z - 25 = -9*z. Suppose z*a - 3*a - 4 = 0. Suppose f = 6*f - a*w - 55, 5*f - 60 = w. What is the units digit of f?
3
Suppose 0*v - 12 = -4*v. Suppose 4*z + 728 = -0*w + v*w, 4*z + w + 728 = 0. Let h = -118 - z. What is the tens digit of h?
6
What is the hundreds digit of 6